{"id":5013,"date":"2016-09-12T22:12:14","date_gmt":"2016-09-12T20:12:14","guid":{"rendered":"https:\/\/www.neukirch.de\/?page_id=5013&#038;lang=en"},"modified":"2025-07-01T21:19:07","modified_gmt":"2025-07-01T19:19:07","slug":"company-information","status":"publish","type":"page","link":"https:\/\/www.neukirch.de\/en\/company-information\/","title":{"rendered":"Company Information"},"content":{"rendered":"<div class=\"wpb-content-wrapper\"><p>[vc_row][vc_column][vc_column_text css=&#8221;&#8221;]<\/p>\n<h3>F.W. Neukirch (GmbH &amp; Co.) KG<\/h3>\n<p>Zum Panrepel 37<br \/>D-28307 Bremen<\/p>\n<p>Telefon: +49 (0) 421 \/ 48 94 &#8211; 0<br \/>Fax: +49 (0) 421 \/ 48 94-179<\/p>\n<p>E-Mail: <a href=\"mailto:fwn@neukirch.de\">fwn@neukirch.de<\/a><\/p>\n<h3>Sitz der Gesellschaft<\/h3>\n<p>Bremen, Handelsregister Bremen HRA 16864<\/p>\n<h3>Pers\u00f6nlich haftende Gesellschafterin<\/h3>\n<p>Neukirch Verwaltungs-GmbH HRB No 27672 HB<br \/>Gesch\u00e4ftsf\u00fchrer: Martin Schl\u00f6mp<br \/>F.W. Neukirch (GmbH &amp; Co.) KG ist Mitglied der Handelskammer Bremen, Am Markt 13, D-28195 Bremen<br \/>Erf\u00fcllungsort ist Bremen<br \/>Gerichtsstand f\u00fcr beide Teile Bremen<br \/>Ust.-Ident-Nr.: DE114530573<br \/>Steuer-Nr.: 60\/170\/02749<\/p>\n<h3>Aufsichtsbeh\u00f6rde<\/h3>\n<p>Bundesamt f\u00fcr Logistik und Mobilit\u00e4t (BALM)<br \/>Werderstra\u00dfe 34<br \/>50672 K\u00f6ln<\/p>\n<h3>Genehmigungsbeh\u00f6rde<\/h3>\n<p>Freie Hansestadt Bremen<br \/>Der Senator f\u00fcr Umwelt, Bau, Verkehr und Europa<br \/>Ansgaritorstra\u00dfe 2<br \/>28195 Bremen<\/p>\n<h3>Datenschutzbeauftragter<\/h3>\n<p>Hubit Datenschutz GmbH &amp; Co.KG<br \/>Ralf Lohmann<br \/>Rudolf-Diesel-Str. 6<br \/>28816 Stuhr<\/p>\n<p>Fon: 0421\/ 33 11 43-00<br \/>Email: info@hubit.de<br \/>Web: www.hubit.de<\/p>\n<p><a href=\"https:\/\/fwn.hubit-meldestelle.de\/\">Hinweisgeber Meldestelle<\/a><\/p>\n<h3>Copyright<\/h3>\n<p>Die grafischen Elemente und Fotos dieser Homepage unterliegen dem Urheberrecht und d\u00fcrfen\u00a0nicht kopiert oder f\u00fcr andere Zwecke benutzt werden.<\/p>\n<p><strong>Fotos von Fotolia:<\/strong><\/p>\n<p><b>Seefracht<\/b><br \/>Container Port in Hong Kong | Urheber:\u00a0<a href=\"https:\/\/de.fotolia.com\/p\/203168540\">\u00a9 leeyiutung<br \/>\n<\/a>Container Terminal &#8211; Hamburg | Urheber:\u00a0<a href=\"https:\/\/de.fotolia.com\/p\/200617661\">\u00a9 M. Johannsen<br \/>\n<\/a> Large cargo ship being loaded in a port | Urheber:\u00a0<a href=\"https:\/\/de.fotolia.com\/p\/282997\">\u00a9 Igor Groshev<\/a><\/p>\n<p><b>Luftfracht<br \/>\n<\/b>loading cargo |\u00a0Urheber:\u00a0<a href=\"https:\/\/de.fotolia.com\/p\/204378471\">\u00a9 mariakraynova<br \/>\n<\/a>Worker loading aircraft | Urheber:\u00a0<a href=\"https:\/\/de.fotolia.com\/p\/200738985\">\u00a9 Laif Andersen<\/a><\/p>\n<p><b>Intermodale Transporte<br \/>\n<\/b>forklift handling container box loading to truck at dock | Urheber:\u00a0<a href=\"https:\/\/de.fotolia.com\/p\/204202541\">\u00a9 ake1150<br \/>\n<\/a>Shore crane loading containers in freight ship | Urheber:\u00a0<a href=\"https:\/\/de.fotolia.com\/p\/204202541\">\u00a9 ake1150<\/a><\/p>\n<p><b>Im Slider \/Startseite<\/b><br \/>Containerhafen Hamburg | Urheber: <a href=\"https:\/\/de.fotolia.com\/p\/201083082\">\u00a9 Kara<\/a><\/p>\n<p><strong>Zukunftstag<\/strong><br \/>Logos Girls&#8217;day, Boys&#8217;Day | Urheber:\u00a0 <a href=\"https:\/\/www.kompetenzz.de\/\" target=\"_blank\" rel=\"noopener\">\u00a9 kompetenzz<\/a><\/p>\n<h3>Konzept &amp; Text<\/h3>\n<p><span style=\"color: #000000;\"><a style=\"color: #000000;\" href=\"http:\/\/3fkommunikation.de\" target=\"_blank\" rel=\"noopener noreferrer\">3F Kommunikation<\/a><\/span><\/p>\n<h3>Webdesign<\/h3>\n<p><span style=\"color: #000000;\"><a style=\"color: #000000;\" href=\"http:\/\/www.wpfabrik.com\" target=\"_blank\" rel=\"noopener noreferrer\">www.wpfabrik.com<\/a><\/span><\/p>\n<h3>Haftungshinweis<\/h3>\n<p>Wir erkl\u00e4ren hiermit ausdr\u00fccklich, dass zum Zeitpunkt der Linksetzung die entsprechenden\u00a0verlinkten\/verkn\u00fcpften Seiten frei von illegalen Inhalten waren. Auf die aktuelle und zuk\u00fcnftige Gestaltung, die Inhalte oder die Urheberschaft der gelinkten\/verkn\u00fcpften Seiten haben wir keinerlei Einfluss. Deshalb distanzieren wir uns hiermit ausdr\u00fccklich von allen Inhalten aller gelinkten\/verkn\u00fcpften Seiten, die nach der Linksetzung ver\u00e4ndert wurden.\u00a0Sollten wir davon Kenntnis erhalten, dass die Inhalte gegen geltendes Recht versto\u00dfen,\u00a0werden die entsprechenden Links umgehend entfernt.[\/vc_column_text][\/vc_column][\/vc_row]<\/p>\n<\/div>","protected":false},"excerpt":{"rendered":"<p>[vc_row][vc_column][vc_column_text css=&#8221;&#8221;] F.W. Neukirch (GmbH &amp; Co.) KG Zum Panrepel 37D-28307 Bremen Telefon: +49 (0) 421 \/ 48 94 &#8211; 0Fax: +49 (0) 421 \/ 48 94-179 E-Mail: fwn@neukirch.de Sitz der Gesellschaft Bremen, Handelsregister Bremen HRA 16864 Pers\u00f6nlich haftende Gesellschafterin Neukirch Verwaltungs-GmbH HRB No 27672 HBGesch\u00e4ftsf\u00fchrer: Martin Schl\u00f6mpF.W. Neukirch (GmbH &amp; Co.) KG ist Mitglied&hellip;<\/p>\n","protected":false},"author":5,"featured_media":0,"parent":0,"menu_order":0,"comment_status":"closed","ping_status":"closed","template":"","meta":{"footnotes":""},"class_list":["post-5013","page","type-page","status-publish","hentry","description-off"],"aioseo_notices":[],"_links":{"self":[{"href":"https:\/\/www.neukirch.de\/en\/wp-json\/wp\/v2\/pages\/5013","targetHints":{"allow":["GET"]}}],"collection":[{"href":"https:\/\/www.neukirch.de\/en\/wp-json\/wp\/v2\/pages"}],"about":[{"href":"https:\/\/www.neukirch.de\/en\/wp-json\/wp\/v2\/types\/page"}],"author":[{"embeddable":true,"href":"https:\/\/www.neukirch.de\/en\/wp-json\/wp\/v2\/users\/5"}],"replies":[{"embeddable":true,"href":"https:\/\/www.neukirch.de\/en\/wp-json\/wp\/v2\/comments?post=5013"}],"version-history":[{"count":15,"href":"https:\/\/www.neukirch.de\/en\/wp-json\/wp\/v2\/pages\/5013\/revisions"}],"predecessor-version":[{"id":16852,"href":"https:\/\/www.neukirch.de\/en\/wp-json\/wp\/v2\/pages\/5013\/revisions\/16852"}],"wp:attachment":[{"href":"https:\/\/www.neukirch.de\/en\/wp-json\/wp\/v2\/media?parent=5013"}],"curies":[{"name":"wp","href":"https:\/\/api.w.org\/{rel}","templated":true}]}}

<div class="wpb-content-wrapper"><p>[vc_row][vc_column][vc_column_text css=&#8221;&#8221;]</p>
<h3>F.W. Neukirch (GmbH &amp; Co.) KG</h3>
<p>Zum Panrepel 37<br />D-28307 Bremen</p>
<p>Telefon: +49 (0) 421 / 48 94 &#8211; 0<br />Fax: +49 (0) 421 / 48 94-179</p>
<p>E-Mail: <a href="mailto:fwn@neukirch.de">fwn@neukirch.de</a></p>
<h3>Sitz der Gesellschaft</h3>
<p>Bremen, Handelsregister Bremen HRA 16864</p>
<h3>Persönlich haftende Gesellschafterin</h3>
<p>Neukirch Verwaltungs-GmbH HRB No 27672 HB<br />Geschäftsführer: Martin Schlömp<br />F.W. Neukirch (GmbH &amp; Co.) KG ist Mitglied der Handelskammer Bremen, Am Markt 13, D-28195 Bremen<br />Erfüllungsort ist Bremen<br />Gerichtsstand für beide Teile Bremen<br />Ust.-Ident-Nr.: DE114530573<br />Steuer-Nr.: 60/170/02749</p>
<h3>Aufsichtsbehörde</h3>
<p>Bundesamt für Logistik und Mobilität (BALM)<br />Werderstraße 34<br />50672 Köln</p>
<h3>Genehmigungsbehörde</h3>
<p>Freie Hansestadt Bremen<br />Der Senator für Umwelt, Bau, Verkehr und Europa<br />Ansgaritorstraße 2<br />28195 Bremen</p>
<h3>Datenschutzbeauftragter</h3>
<p>Hubit Datenschutz GmbH &amp; Co.KG<br />Ralf Lohmann<br />Rudolf-Diesel-Str. 6<br />28816 Stuhr</p>
<p>Fon: 0421/ 33 11 43-00<br />Email: info@hubit.de<br />Web: www.hubit.de</p>
<p><a href="https://fwn.hubit-meldestelle.de/">Hinweisgeber Meldestelle</a></p>
<h3>Copyright</h3>
<p>Die grafischen Elemente und Fotos dieser Homepage unterliegen dem Urheberrecht und dürfen nicht kopiert oder für andere Zwecke benutzt werden.</p>
<p><strong>Fotos von Fotolia:</strong></p>
<p><b>Seefracht</b><br />Container Port in Hong Kong | Urheber: <a href="https://de.fotolia.com/p/203168540">© leeyiutung<br />
</a>Container Terminal &#8211; Hamburg | Urheber: <a href="https://de.fotolia.com/p/200617661">© M. Johannsen<br />
</a> Large cargo ship being loaded in a port | Urheber: <a href="https://de.fotolia.com/p/282997">© Igor Groshev</a></p>
<p><b>Luftfracht<br />
</b>loading cargo | Urheber: <a href="https://de.fotolia.com/p/204378471">© mariakraynova<br />
</a>Worker loading aircraft | Urheber: <a href="https://de.fotolia.com/p/200738985">© Laif Andersen</a></p>
<p><b>Intermodale Transporte<br />
</b>forklift handling container box loading to truck at dock | Urheber: <a href="https://de.fotolia.com/p/204202541">© ake1150<br />
</a>Shore crane loading containers in freight ship | Urheber: <a href="https://de.fotolia.com/p/204202541">© ake1150</a></p>
<p><b>Im Slider /Startseite</b><br />Containerhafen Hamburg | Urheber: <a href="https://de.fotolia.com/p/201083082">© Kara</a></p>
<p><strong>Zukunftstag</strong><br />Logos Girls&#8217;day, Boys&#8217;Day | Urheber:  <a href="https://www.kompetenzz.de/" target="_blank" rel="noopener">© kompetenzz</a></p>
<h3>Konzept &amp; Text</h3>
<p><span style="color: #000000;"><a style="color: #000000;" href="http://3fkommunikation.de" target="_blank" rel="noopener noreferrer">3F Kommunikation</a></span></p>
<h3>Webdesign</h3>
<p><span style="color: #000000;"><a style="color: #000000;" href="http://www.wpfabrik.com" target="_blank" rel="noopener noreferrer">www.wpfabrik.com</a></span></p>
<h3>Haftungshinweis</h3>
<p>Wir erklären hiermit ausdrücklich, dass zum Zeitpunkt der Linksetzung die entsprechenden verlinkten/verknüpften Seiten frei von illegalen Inhalten waren. Auf die aktuelle und zukünftige Gestaltung, die Inhalte oder die Urheberschaft der gelinkten/verknüpften Seiten haben wir keinerlei Einfluss. Deshalb distanzieren wir uns hiermit ausdrücklich von allen Inhalten aller gelinkten/verknüpften Seiten, die nach der Linksetzung verändert wurden. Sollten wir davon Kenntnis erhalten, dass die Inhalte gegen geltendes Recht verstoßen, werden die entsprechenden Links umgehend entfernt.[/vc_column_text][/vc_column][/vc_row]</p>
</div>

<p>[vc_row][vc_column][vc_column_text css=&#8221;&#8221;] F.W. Neukirch (GmbH &amp; Co.) KG Zum Panrepel 37D-28307 Bremen Telefon: +49 (0) 421 / 48 94 &#8211; 0Fax: +49 (0) 421 / 48 94-179 E-Mail: fwn@neukirch.de Sitz der Gesellschaft Bremen, Handelsregister Bremen HRA 16864 Persönlich haftende Gesellschafterin Neukirch Verwaltungs-GmbH HRB No 27672 HBGeschäftsführer: Martin SchlömpF.W. Neukirch (GmbH &amp; Co.) KG ist Mitglied&hellip;</p>
